osite?
True
Is 1547242071 prime?
False
Is 51277564991 a composite number?
False
Is 6015102658 prime?
False
Is 686203127 prime?
False
Is 28458025663 a composite number?
False
Is 12798266707 a composite number?
False
Is 29588678539 composite?
True
Is 207350026687 prime?
False
Is 5312886911 prime?
True
Is 45272053 a composite number?
True
Is 58953425021 prime?
True
Is 122943896143 prime?
True
Is 28179166039 a composite number?
False
Is 2623903427 a composite number?
False
Is 5560842139 prime?
True
Is 198375209897 a composite number?
False
Is 442836811 composite?
False
Is 267343511 a composite number?
False
Is 10625697241 prime?
True
Is 32164670507 composite?
False
Is 202759597 a prime number?
True
Is 17944567863 a prime number?
False
Is 1540117309 a prime number?
True
Is 52704331853 composite?
True
Is 356002333 prime?
True
Is 7565922101 composite?
False
Is 12160679273 prime?
True
Is 1476590429 composite?
True
Is 2581234993 prime?
False
Is 228755090197 a prime number?
False
Is 14813040981 a prime number?
False
Is 692881843 a prime number?
False
Is 7769787983 prime?
True
Is 39722854823 prime?
False
Is 253636289 prime?
True
Is 69552760591 composite?
True
Is 556491101 a prime number?
False
Is 386261191 composite?
True
Is 22554994565 a composite number?
True
Is 151793287 a prime number?
False
Is 162333407 a prime number?
True
Is 487316147 a prime number?
False
Is 1074416403 prime?
False
Is 969634573 composite?
False
Is 1092385169 prime?
True
Is 1063830149 a prime number?
True
Is 769968579 prime?
False
Is 1883257997 a prime number?
True
Is 805658279 composite?
False
Is 259645627 a composite number?
False
Is 786287897 prime?
True
Is 4824381379 a composite number?
True
Is 1004435049 a composite number?
True
Is 32972902171 prime?
False
Is 1425496867 composite?
False
Is 9425233049 prime?
True
Is 30433450819 a composite number?
False
Is 170422393 prime?
True
Is 95943007 composite?
False
Is 362050720631 prime?
True
Is 436321199 a prime number?
False
Is 10925842769 prime?
True
Is 23598469 composite?
False
Is 10092773599 prime?
True
Is 4364942389 a prime number?
False
Is 1486803763 prime?
False
Is 5903169523 a prime number?
False
Is 355835281 prime?
False
Is 2797565191 a prime number?
True
Is 1408490587 a prime number?
False
Is 6580053309 a composite number?
True
Is 1549486331 composite?
True
Is 13526405931 composite?
True
Is 894048367 composite?
True
Is 1302379019 prime?
True
Is 43247650951 composite?
True
Is 2189533511 composite?
True
Is 1506413939 composite?
False
Is 2770558919 a prime number?
False
Is 38408917277 a composite number?
True
Is 4336242511 a prime number?
True
Is 153407603 composite?
False
Is 1761609457 a prime number?
False
Is 31135735589 prime?
False
Is 42362773 a prime number?
False
Is 1733043197 a prime number?
True
Is 2462049797 composite?
True
Is 62124036431 composite?
False
Is 28073961889 composite?
True
Is 6204952081 a composite number?
True
Is 207242389 a composite number?
True
Is 45562602359 a composite number?
True
Is 30107904061 composite?
True
Is 4839142541 a prime number?
True
Is 1269692939 a prime number?
False
Is 5940129629 a prime number?
False
Is 11118118993 prime?
True
Is 1291046183 a prime number?
False
Is 28325701 prime?
True
Is 282527123 a composite number?
False
Is 14377646429 composite?
False
Is 35231015389 prime?
True
Is 6463447807 composite?
False
Is 7638459331 prime?
False
Is 5232187507 prime?
False
Is 383307737 composite?
True
Is 7103652779 a composite number?
False
Is 43261034 a composite number?
True
Is 43290449 a prime number?
False
Is 1105841213 a composite number?
False
Is 189746533 a prime number?
True
Is 358504357 a composite number?
False
Is 6858420071 prime?
False
Is 3225557213 a composite number?
False
Is 146258963309 a composite number?
False
Is 21743857781 a prime number?
True
Is 385628977 prime?
True
Is 63507989723 a composite number?
False
Is 7147139633 a composite number?
False
Is 180780975409 prime?
False
Is 500198309 composite?
True
Is 52042874503 composite?
True
Is 6795479203 composite?
False
Is 16119343663 prime?
False
Is 24119250341 a composite number?
False
Is 177255627091 a prime number?
False
Is 32197531505 prime?
False
Is 9113398243 composite?
True
Is 290388739873 a composite number?
False
Is 11395277401 composite?
False
Is 124835479 a composite number?
False
Is 20942963947 a composite number?
False
Is 42120456097 composite?
False
Is 13115214409 prime?
False
Is 144294287 composite?
False
Is 126294193573 prime?
True
Is 381908915 a prime number?
False
Is 72854583301 a composite number?
True
Is 33105778073 a composite number?
False
Is 19621009735 composite?
True
Is 46978727671 composite?
True
Is 2461559579 prime?
True
Is 1691200039 a prime number?
True
Is 3086027683 a prime number?
False
Is 1613559421 a composite number?
True
Is 632491567 prime?
False
Is 868679087 a composite number?
False
Is 797289497 a prime number?
False
Is 708810079 a composite number?
False
Is 1375141 prime?
True
Is 35521992631 a prime number?
True
Is 9586439767 a prime number?
False
Is 1320614669 prime?
False
Is 43690829417 composite?
True
Is 22521286181 prime?
True
Is 30472126373 composite?
True
Is 142497428573 a prime number?
False
Is 695565579 a composite number?
True
Is 1521703709 prime?
False
Is 209759213149 composite?
False
Is 13773497 composite?
True
Is 984958531 a composite number?
True
Is 249224705 composite?
True
Is 73038323 a prime number?
False
Is 112984751 a prime number?
False
Is 11045771089 a composite number?
True
Is 49181473577 composite?
False
Is 131211953 a prime number?
False
Is 6065823557 composite?
True
Is 6402038255 a composite number?
True
Is 266976527 composite?
True
Is 12049450363 a prime number?
True
Is 1784165501 prime?
False
Is 9383014279 prime?
True
Is 472198547 prime?
True
Is 17161398491 composite?
True
Is 10440077 a composite number?
False
Is 1850595053 a composite number?
False
Is 37875530389 a composite number?
False
Is 529361677 prime?
False
Is 4403066077 a prime number?
False
Is 34597482503 a composite number?
True
Is 59068643 a composite number?
False
Is 1649080051 prime?
True
Is 4409414314 composite?
True
Is 6590666497 prime?
False
Is 1602822115 a composite number?
True
Is 18176145751 composite?
False
Is 1746929791 a prime number?
True
Is 10213317643 prime?
False
Is 8992612403 prime?
False
Is 24805775591 a composite number?
True
Is 124759183 a prime number?
True
Is 8387851183 prime?
False
Is 15850416469 a prime number?
True
Is 501977381 a prime number?
True
Is 111854043259 a prime number?
False
Is 3930118649 composite?
False
Is 12840620005 prime?
False
Is 7807974815 prime?
False
Is 2830902133 composite?
False
Is 3266391971 a prime number?
True
Is 6839130559 a prime number?
True
Is 2032952759 a prime number?
True
Is 2753353861 composite?
False
Is 6933740563 a prime number?
False
Is 1335488653 composite?
False
Is 48948816013 a composite number?
False
Is 433278029 prime?
False
Is 175856021 a composite number?
True
Is 1437173627 prime?
True
Is 1514041007 a prime number?
True
Is 26793153253 composite?
False
Is 41484302423 a prime number?
False
Is 26267227991 prime?
True
Is 4363351219 a composite number?
False
Is 65787744471 a prime number?
False
Is 679139759 a prime number?
True
Is 1594430963 prime?
False
Is 6444889859 prime?
True
Is 3452603309 composite?
False
Is 2037404867 prime?
True
Is 16526019949 a prime number?
True
Is 706281971 prime?
True
Is 360463517 a prime number?
True
Is 150360107 a composite number?
False
Is 946884907 prime?
False
Is 13640819791 a composite number?
False
Is 21547393729 a prime number?
True
Is 1351924367 a prime number?
True
Is 717625211 prime?
True
Is 2425649761 a composite number?
True
Is 66498533 a composite number?
False
Is 318240449 composite?
True
Is 600155182293 prime?
False
Is 1425341083 a composite number?
False
Is 314103667 a prime number?
True
Is 32468254751 a composite number?
False
Is 49173234817 composite?
True
Is 24249530761 a prime number?
False
Is 6335975329 composite?
True
Is 14689112791 composite?
False
Is 1100763529 a prime number?
True
Is 148008881795 composite?
True
Is 317494087 a prime number?
True
Is 91816877 composite?
False
Is 3754159543 a composite number?
False
Is 5450154137 composite?
False
Is 2361114293 prime?
False
Is 407941729